rmine d(40).
-15
Let i(d) = 3*d**3 - 2*d**2 - 1561*d - 4673. Give i(-3).
-89
Let t(i) = -31*i + 4761. What is t(131)?
700
Let m(z) = 1295*z + 773163. Calculate m(-597).
48
Let h(a) = -3676*a + 7288. What is h(2)?
-64
Let w(m) = -158*m**2 - 8230*m + 154. Calculate w(-52).
882
Let i(f) = 11978*f + 898355. What is i(-75)?
5
Let k(i) = 2*i**2 + 5928*i + 268432. What is k(-46)?
-24
Let z(s) = -14*s**2 - 7455*s + 36. Determine z(0).
36
Let t(w) = w**3 - 49*w**2 + 159*w + 1313. What is t(45)?
368
Let k(n) = 9*n**3 - 668*n**2 + 150*n - 75. Determine k(74).
73
Let t(f) = -35*f**2 + 1191*f + 1192. Calculate t(35).
2
Let u(c) = -28*c**2 + 3539*c - 82790. Calculate u(31).
11
Let q(f) = -f**3 - 257*f**2 + 2107*f - 3414. Give q(-265).
31
Let f(d) = -2*d**3 + 46*d**2 + 495*d - 32. What is f(-8)?
-24
Let l(c) = -29*c**2 - 546*c - 1646. Determine l(-15).
19
Let b(z) = 4*z**3 + 111*z**2 - 133*z + 391. Calculate b(-29).
43
Let o(b) = -248*b**3 - 5*b**2 + 8*b + 5. Give o(2).
-1983
Let f(g) = 80385*g - 723469. What is f(9)?
-4
Let q(v) = -v**3 + 149*v**2 + 731*v + 484. Give q(-4).
8
Let t(n) = -1598489*n + 25575826. Determine t(16).
2
Let d(w) = w**3 + 5*w**2 + 319*w + 2124. What is d(-7)?
-207
Let m(s) = -1885*s + 1832. What is m(1)?
-53
Let i(r) = 1088*r - 23054. Calculate i(22).
882
Let p(c) = -c**3 + 51*c**2 + 10*c + 1833. What is p(52)?
-351
Let q(d) = 6*d**2 - 1564*d + 9181. Give q(6).
13
Let d(t) = -47*t**3 - 8*t**2 + 2*t + 5. Calculate d(3).
-1330
Let s(y) = 29272*y - 117099. Calculate s(4).
-11
Let m(h) = -h**3 - 81*h**2 + 165*h - 893. Determine m(-83).
-810
Let p(c) = -17*c**3 - 86*c**2 - 1703*c - 8558. Give p(-5).
-68
Let a(z) = -3*z**2 + 670*z + 1353. What is a(231)?
-3960
Let a(g) = -3*g**2 + 1224*g - 9701. Give a(8).
-101
Let k(c) = -c**3 - 55*c**2 - 6506*c - 357796. What is k(-55)?
34
Let q(v) = 3*v**2 - 94*v - 190. What is q(-2)?
10
Let h(j) = 583*j + 97556. Determine h(-168).
-388
Let n(q) = -1176*q - 117631. Calculate n(-100).
-31
Let x(v) = -38268*v + 191362. Give x(5).
22
Let f(m) = 2*m**3 - 61*m**2 + 79*m - 7. Calculate f(29).
-239
Let a(k) = -2*k**2 + 441*k + 58579. What is a(-93)?
268
Let x(b) = -214*b + 17445. Calculate x(84).
-531
Let k(i) = -11483*i + 46045. Give k(4).
113
Let p(x) = x**3 - 35*x**2 - 264*x + 2274. Give p(39).
-1938
Let o(w) = -16*w**3 - 6*w**2 - 17*w + 27. What is o(-3)?
456
Let t(k) = 10*k**2 - 801*k + 1718. Calculate t(78).
80
Let i(x) = x**3 - 31*x**2 - 41*x + 181. Give i(32).
-107
Let x(i) = -16*i**2 + 136*i + 3427. Give x(-11).
-5
Let k(p) = p**3 - 78*p**2 - 237*p - 361. Give k(81).
125
Let g(q) = -24*q**2 + 18*q - 6. Calculate g(-5).
-696
Let v(s) = s**2 - 28*s - 2015. Determine v(61).
-2
Let c(r) = -242*r - 58092. Calculate c(-241).
230
Let h(q) = 19*q**3 + q**2 + 27*q + 136. Calculate h(-4).
-1172
Let i(n) = n**3 + 1719*n**2 + 737106*n + 4892. Give i(-819).
-22
Let k(q) = 254*q + 1087. What is k(-7)?
-691
Let f(z) = -5*z**3 + 2476*z**2 + 1960*z + 11922. What is f(496)?
18
Let x(t) = -3*t**2 - 2471*t + 76340. What is x(31)?
-3144
Let d(v) = -3*v**3 - 332*v**2 + 1862*v + 755. Calculate d(-116).
59
Let u(h) = 4375*h - 162598. Give u(37).
-723
Let r(p) = -3347*p + 33473. Determine r(10).
3
Let w(u) = u**3 + 101*u**2 + 1560*u + 168. Give w(-82).
4
Let h(r) = -345639*r + 4147665. Determine h(12).
-3
Let y(c) = -c**3 - 162*c**2 + 6898*c - 341. Determine y(35).
-236
Let s(f) = 5117*f - 23082. What is s(4)?
-2614
Let t(a) = -a**3 + 1131*a**2 - 70287*a - 192. Give t(66).
6
Let y(s) = -3165*s - 3126. Determine y(-1).
39
Let o(a) = 4658*a + 69935. What is o(-15)?
65
Let r(g) = 1128*g - 2680. Calculate r(3).
704
Let k(j) = -447*j**3 + 2235*j**2 - 46*j + 221. Determine k(5).
-9
Let u(g) = g**3 + 914*g**2 - 8209*g + 90462. Give u(-923).
8
Let w(g) = -315250*g - 12925251. Give w(-41).
-1
Let n(h) = 2632*h - 31603. Give n(12).
-19
Let b(u) = -2*u**2 - 85*u + 49. Determine b(-35).
574
Let a(h) = -43*h**2 + 488*h - 886. Give a(9).
23
Let y(d) = -d**2 + 5089*d + 91836. What is y(-18)?
-90
Let b(n) = -135*n - 1763. Calculate b(-13).
-8
Let p(w) = 256*w - 42493. Calculate p(185).
4867
Let n(b) = -b**2 - 33*b + 4680. What is n(-82)?
662
Let j(l) = 4081*l - 4109. Determine j(1).
-28
Let t(o) = 5*o**2 + 1481*o - 122. Give t(0).
-122
Let k(d) = 78*d**2 + 232*d + 46. What is k(-3)?
52
Let s(l) = -l**3 + 29*l**2 - 26*l + 207. Determine s(18).
3303
Let h(m) = -m**3 - 407*m**2 - 3811*m - 1551073. Calculate h(-407).
4
Let l(d) = -168202*d + 1009330. Determine l(6).
118
Let t(z) = 4824*z - 2812409. Calculate t(583).
-17
Let j(a) = 10113*a**2 - 111240*a - 39. Calculate j(11).
-6
Let y(g) = -85268*g - 85266. Calculate y(-1).
2
Let c(p) = -1644677*p - 13157422. Determine c(-8).
-6
Let p(m) = 3*m**2 - 126084*m - 378288. What is p(-3)?
-9
Let k(l) = -l**2 + 166*l - 3861. Determine k(27).
-108
Let m(z) = 107*z + 2789. Calculate m(-36).
-1063
Let j(l) = -64*l**2 + 3393*l + 109. Calculate j(53).
162
Let f(h) = -653*h**2 - 3331*h - 340. Give f(-5).
-10
Let n(c) = 96*c + 12767. Calculate n(-128).
479
Let f(j) = 366623*j + 733243. What is f(-2)?
-3
Let f(d) = 5*d**2 + 12*d - 12957. What is f(-52)?
-61
Let y(g) = -8296*g - 58106. Give y(-7).
-34
Let b(u) = -15*u**3 + 173*u**2 - 167*u + 832. Give b(11).
-37
Let h(w) = -w**3 - 333*w**2 + 344*w + 2874. Calculate h(-334).
-466
Let d(k) = 42663*k + 42640. What is d(-1)?
-23
Let v(g) = 30424*g - 91287. Calculate v(3).
-15
Let d(s) = 4*s**3 + 22*s**2 - 179*s + 7. Determine d(5).
162
Let x(a) = a**3 - 52*a**2 - 364*a - 284. Determine x(58).
-1212
Let x(h) = -79693*h + 6933288. Calculate x(87).
-3
Let d(z) = -4*z**2 + 55*z + 5421. Calculate d(-31).
-128
Let x(p) = p**3 + 55*p**2 - 519*p - 26164. Calculate x(-56).
-236
Let q(f) = -29*f**2 + 209*f + 140. Calculate q(8).
-44
Let v(s) = -6*s**2 - 8446*s + 4458101. Determine v(409).
1
Let s(j) = 8973*j + 601105. Give s(-67).
-86
Let n(t) = -t**3 + 51*t**2 + 40*t + 644. Calculate n(52).
20
Let b(f) = -4*f**3 + 59*f**2 - 414*f - 153. Determine b(9).
-2016
Let n(f) = f**3 + 7*f**2 + 220*f - 1775. Calculate n(6).
13
Let a(o) = -5*o**3 - 133*o**2 + 40*o - 4384. Calculate a(-28).
-16
Let t(l) = -10*l**2 + 356*l + 741. Determine t(39).
-585
Let i(z) = -1641*z + 6512. Calculate i(4).
-52
Let l(c) = -381*c - 11922. Give l(-29).
-873
Let s(v) = -23*v**2 + 1906*v - 13805. Determine s(8).
-29
Let q(c) = 6*c**3 - 147*c**2 + 901*c - 44. What is q(13)?
8
Let z(d) = -46*d**3 - 425*d**2 - 61*d + 147. Give z(-9).
-195
Let k(p) = -17*p**2 + 113*p - 200. Calculate k(0).
-200
Let d(s) = -9*s**2 - 194*s + 5167. Calculate d(-42).
-2561
Let n(g) = 5052*g + 2394629. Give n(-474).
-19
Let o(r) = -6443*r**2 - 2338809*r - 3. Determine o(-363).
-3
Let s(o) = -5250*o + 5242. Determine s(1).
-8
Let g(l) = -4394*l + 21830. Give g(5).
-140
Let j(k) = 18*k**3 + 812*k**2 + 148*k + 2882. Determine j(-45).
272
Let u(y) = 3837*y - 95947. Give u(25).
-22
Let z(u) = -u**3 + 77*u**2 + 65*u - 15818. Determine z(75).
307
Let o(n) = -7*n**2 + 15. Calculate o(9).
-552
Let j(a) = -a**3 + 406*a**2 + 38837*a + 20896. Calculate j(486).
-2
Let o(h) = h**2 - 97*h - 1708. What is o(103)?
-1090
Let w(p) = -3*p**2 + 1745*p + 61495. What is w(615)?
-5
Let l(h) = -15*h**2 - 311*h + 628. Determine l(2).
-54
Let x(g) = 2*g**2 - 52*g + 201. Calculate x(10).
-119
Let s(x) = -17949*x - 89188. Calculate s(-5).
557
Let m(f) = -167*f**2 + 245*f - 1016. What is m(4)?
-2708
Let k(r) = 2990*r + 50815. Give k(-17).
-15
Let f(q) = -6041*q - 40656. Calculate f(-7).
1631
Let u(s) = 88925*s - 10. What is u(0)?
-10
Let g(a) = -718*a + 51394. Calculate g(72).
-302
Let f(a) = 3864*a - 15587. Give f(4).
-131
Let r(n) = -618*n + 5195. Give r(7).
869
Let n(j) = 20331*j - 3639297. Give n(179).
-48
Let f(z) = z**3 - 816*z**2 - 564*z + 460216. What is f(816)?
-8
Let w(b) = -7*b**3 + 39*b**2 - 116*b + 687. Calculate w(6).
-117
Let d(o) = 184*o + 2929. What is d(-14)?
353
Let l(r) = -963*r - 103043. Determine l(-107).
-2
Let h(t) = t**3 - 57*t**2 - 77*t - 63. Determine h(58).
-1165
Let f(l) = -6*l**2 + 685*l + 4167. Determine f(120).
-33
Let q(p) = 3*p**3 + 1204*p**2 + 1593*p - 2021. Give q(-400).
779
Let y(x) = -70*x**2 + 1011*x + 654. What is y(15)?
69
Let j(x) = -11489*x - 723300. What is j(-63)?
507
Let d(v) = -v**3 + 20*v**2 + 3599*v - 65457.